e prime factors of x.
2, 29
Let b(p) = -p**2 + 8*p + 13. Suppose -l + 5 + 4 = 0. Let f be b(l). Suppose f*z = -79 + 195. List the prime factors of z.
29
Let y be ((-1)/(-3))/(4/36). Suppose 0 = -0*f - f + y, 0 = 3*p - 3*f - 96. Suppose 2*k - p = 17. List the prime factors of k.
2, 13
Suppose -g - 1 = 2. Let n(l) = -10*l + 4. Let x be n(g). Suppose -h - h = -x. What are the prime factors of h?
17
Let c(m) = 7*m**2 - 16*m + 136. List the prime factors of c(-25).
3, 1637
Let f = -922 + 1632. List the prime factors of f.
2, 5, 71
Let p = 673 + -231. What are the prime factors of p?
2, 13, 17
Suppose 3 = 3*k, 10*c + k = 12*c - 321. List the prime factors of c.
7, 23
Let o(p) = 6*p**2 - 44*p + 10. What are the prime factors of o(-6)?
2, 5, 7
Let f(n) = -50*n - 55. What are the prime factors of f(-16)?
5, 149
List the prime factors of (-132)/(-44) + (-1 - -328).
2, 3, 5, 11
Let o(u) = -u**3 + u + 73. Let t be 15/45*3*1. Suppose -5*a = -4*w - 12, t = -3*a + 3*w + 10. List the prime factors of o(a).
73
Let k(z) = -z**2 - z + 1. Let f(n) = 6*n**2 + 7*n - 4. Let b(r) = f(r) + 5*k(r). What are the prime factors of b(9)?
2, 5
Suppose 4*q + 4 + 8 = 0. Let h(t) = 13*t**2 + 5*t + 8. What are the prime factors of h(q)?
2, 5, 11
Let s be (-1)/1*-3*-3. Let n(m) = -m**3 - 8*m**2 - 3*m - 6. List the prime factors of n(s).
2, 3, 17
Suppose -b + 9 = -4*j, 0 = 4*b - 2*b - 10. Let t be 3/(9/15) - j. Suppose t = -2*z + 72. List the prime factors of z.
3, 11
Let x(c) = -c**3 + 6*c**2 - 3. Let r be x(6). Let j(i) = -2*i**3 + 3*i**2 + 9*i + 5. List the prime factors of j(r).
59
Let y = 219 - 1104. What are the prime factors of y/10*(-2)/3?
59
Suppose -477 - 819 = -16*g. List the prime factors of g.
3
Suppose o + 3*s - 704 = -241, 0 = 4*o - 3*s - 1882. What are the prime factors of o?
7, 67
Let g = 157 - 143. Suppose g*i - 2 - 26 = 0. List the prime factors of i.
2
Let d(j) = -j**2 - 4*j + 17. Let r be -2*((-25)/(-2))/5. List the prime factors of d(r).
2, 3
Let o(v) = -v**2 + v + 3. Let p = -4 + 4. List the prime factors of o(p).
3
Suppose -3*b - 930 + 2862 = 0. List the prime factors of b.
2, 7, 23
Let h = 19 + -29. Let b = h - -14. Suppose -15 = -b*r + 77. List the prime factors of r.
23
Suppose -3*c - 3*z = -2*z - 49, -3*z - 15 = 0. Let m = c + -23. Let r = m + 43. What are the prime factors of r?
2, 19
Suppose 2*y - y = 3*t - 18800, -t - 5*y = -6256. What are the prime factors of t?
2, 13, 241
Let w = -43 + 16. Let x = w + 31. What are the prime factors of x?
2
Let q(f) = 65*f - 10. What are the prime factors of q(12)?
2, 5, 7, 11
Let v(h) = 4*h - 18. Let t be v(7). Let m(i) = 2*i**2 - 18*i + 15. List the prime factors of m(t).
5, 7
Suppose 0 = -p + 6*p - 2225. What are the prime factors of p?
5, 89
Suppose 0*b = -15*b + 945. List the prime factors of b.
3, 7
Let j(x) be the first derivative of 4*x**3/3 - 18*x + 21. List the prime factors of j(7).
2, 89
Let p(u) = u**2 + 7*u + 4. Let w be p(-7). Let d(t) = -w*t - 3 + 0*t + 1 - 5. What are the prime factors of d(-11)?
37
Suppose 5*s - y - 2880 = 0, 343 = 4*s - y - 1962. List the prime factors of s.
5, 23
Let y = -19 - -22. Suppose -y*b - 2*g = -285, 0 = -2*b - 3*b + 2*g + 475. What are the prime factors of b?
5, 19
Let y(l) = -l. Let u(r) = 12*r**2 + 5*r + 5. Let z(c) = u(c) + 3*y(c). What are the prime factors of z(-3)?
107
Let d(s) = -7*s + 806. What are the prime factors of d(0)?
2, 13, 31
Let p = -1978 - -2854. What are the prime factors of p?
2, 3, 73
Let z(y) be the second derivative of 0 + 11/6*y**3 + 4*y + 0*y**2. What are the prime factors of z(1)?
11
Let j(x) = -x**2 - 5*x - 1. Let n be j(-4). Suppose -5 = -2*g - n. Let a = 10 - g. List the prime factors of a.
3
Suppose 5*w + 2 + 68 = 0. Let h be 2*-1 + 6 + 6. Let z = h - w. List the prime factors of z.
2, 3
Let a(l) = 7*l**2 - 6*l + 45. Let q be 1/(-2)*(10 - 18). List the prime factors of a(q).
7, 19
Let q(o) = -4*o**3 + o**2 + 2*o + 1. Let b be q(-1). Let c = -21 + 9. List the prime factors of c/(-8) - (-174)/b.
3, 5
Let r = -254 - -161. Let f = 15 - r. What are the prime factors of f?
2, 3
Let v(t) = 7*t - 5 - 5*t + 0*t + 16. Let s be v(-13). What are the prime factors of (-6)/s + (-98)/(-5)?
2, 5
Let z(c) = -28*c**3 - 5*c**2 - 8*c - 11. Let n be z(-3). Suppose -145*s = -149*s + n. What are the prime factors of s?
181
Suppose -34428 = -39*y + 21069. List the prime factors of y.
1423
Let u(y) = y**2 + 3*y + 4. Let d be u(-4). Let h(a) = 2*a**2 - 9*a - 15. List the prime factors of h(d).
41
Suppose 4*o - 3*l = 2341 - 150, 0 = 4*o + 2*l - 2166. What are the prime factors of o?
2, 17
Suppose 2*f - 122 = -4*n, -2*n + 160 = 3*n + 4*f. Suppose 5*o - n = -4*b, 0 = -6*o + 2*o - 5*b + 26. What are the prime factors of o?
2
Suppose -13 - 15 = 2*m - 5*g, 2*g = -m + 4. Let z be (-6)/m - 900/(-24). Let s = -14 + z. What are the prime factors of s?
5
Let f(o) = -o**3 - 6*o**2 - 4*o - 1. Let r be f(-6). Let d(t) = -t + 18. Let q be d(14). Suppose 2*n = 0, 17 + r = 4*v - q*n. List the prime factors of v.
2, 5
Suppose 12 = -3*y, -4*t + 6*y = 3*y - 28. Suppose -88 - 20 = t*g. List the prime factors of (-9)/g - 220/(-6).
37
Let m = 48 + -60. What are the prime factors of (1 - 21)*(30/m + 2)?
2, 5
Let c(h) = 95*h**2 - 3*h - 8. What are the prime factors of c(-4)?
2, 3, 127
Let g = 2806 - 1256. List the prime factors of g.
2, 5, 31
Let u be (-2)/(-4) - (-16)/(-32). Suppose -65*z + 63*z + 58 = u. What are the prime factors of z?
29
Suppose 3*h = -22 + 7. Let l(z) = 131*z - 267*z - 4 + 129*z. List the prime factors of l(h).
31
Let g(j) = 4*j**2 + 8*j + 31. Let d be (1 + (-21)/15)/((-4)/(-80)). List the prime factors of g(d).
223
Let w(v) = 4*v**2 - v**2 + 0 - v**2 + 3 + 5*v. Let u(b) = -b**2 + 13*b - 27. Let h be u(11). What are the prime factors of w(h)?
2, 7
Suppose -4*p + y = -23 - 8, -3 = -3*y. What are the prime factors of 762/p - (-13)/(-52)?
5, 19
List the prime factors of (-1039)/(-1) + 124/31.
7, 149
List the prime factors of 5/10*-5 - 21681/(-6).
23, 157
Suppose 4*s + 48 = 5*w - 44, 5*s = w - 10. Suppose 4*c - w = -c. Suppose 20 = c*u - 208. List the prime factors of u.
3, 19
Suppose -k - 91 = -4*m, m + 2*k = 5*k + 9. Let z be (1/2)/((-12)/m). What are the prime factors of z + -1 + (2 - -15)?
3, 5
Let u = -403 + 425. List the prime factors of u.
2, 11
Let s = -3785 - -6648. What are the prime factors of s?
7, 409
Suppose 0 = -4*u - 2*c + 826, -4*c + 68 + 972 = 5*u. Suppose -u = 8*y - 12*y. What are the prime factors of y?
3, 17
Let w(t) = -t**2 - 20*t + 44. What are the prime factors of w(-17)?
5, 19
Let i(j) be the second derivative of -31/2*j**2 + 0 - 6*j - 2/3*j**3. List the prime factors of i(-14).
5
Suppose -62 = -4*h - 22. What are the prime factors of h?
2, 5
Suppose 20 = -3*a + 68. Suppose -4*k - a = -6*k. Suppose -k - 19 = -3*n. What are the prime factors of n?
3
Let c(w) = w + 15. Let y be c(-12). Let k be 8/y + (-8)/12. What are the prime factors of (-4)/6*(-105)/k?
5, 7
Suppose -w - 9*i = -14*i - 860, 0 = -2*w - 4*i + 1692. List the prime factors of w.
2, 5, 17
Suppose -5*s - k = -56, 4*s - 3*k + 8*k - 49 = 0. Suppose -13*l + 4 = -s*l. What are the prime factors of l?
2
Let m(y) = 2 + 0 + 3*y + 88*y**3 - 87*y**3 + 5 + 7*y**2. What are the prime factors of m(-6)?
5
Suppose -s - z + 260 = 2*z, -3*z - 816 = -3*s. What are the prime factors of s?
269
Let m = -562 - -602. Suppose 0*n = -3*n. Suppose n = 2*k - 54 - m. List the prime factors of k.
47
Suppose 0 = 13*a + 162 + 280. Let i = 37 + 36. Let c = a + i. What are the prime factors of c?
3, 13
Let p(j) = -9*j - 83. What are the prime factors of p(-23)?
2, 31
Suppose -3 = -3*i, q + 3*i + 37 = 5*q. Let r = 0 + q. Let s = r + -6. What are the prime factors of s?
2
Suppose 4*v - 4*k - 2812 = 0, 1137 = 2*v + k - 260. What are the prime factors of v?
2, 5, 7
Let i(d) = 683*d + 62. What are the prime factors of i(2)?
2, 3, 7, 17
List the prime factors of ((-92)/1)/((-114)/1254).
2, 11, 23
Suppose -2*s = -5*s + 36. Let y be (s/15)/((-2)/(-20)). Let q = y + 4. What are the prime factors of q?
2, 3
Let w be ((-9)/4)/(2/(-16)). List the prime factors of (-520)/6*w/(-15) - 2.
2, 3, 17
Let x = -19 - -21. Suppose -5*m + x*m + 56 = 5*j, 0 = -2*m + 2*j + 32. Let f = m + 17. What are the prime factors of f?
2, 17
Let p(d)